0*g - 16*g**2 + 0 - g**3 + 1/60*g**5 + 1/6*g**4. What is f(n)?
-1
Let v(g) = -24*g + 6. Let h(q) = -23*q + 5. Let n(t) = -5*h(t) + 4*v(t). What is n(1)?
18
Suppose -3*r = 2*r, 3*n - 18 = -4*r. Suppose n*i = i. Let d(z) = 0*z + z**3 - 5 + 4 - z. What is d(i)?
-1
Let f(z) = -z - 5. Let n be f(-10). Let m(i) = -i. Determine m(n).
-5
Suppose -2*a - l = -12, 5*l - 26 = -3*a - 1. Let k = -2 + 6. Let p(u) = 1 - 1 + 4*u**2 + 0 + 1 + k*u - u**3. Calculate p(a).
-4
Let m(r) be the third derivative of r**2 - 1/3*r**3 + 0 - 1/120*r**6 + 0*r + 0*r**4 + 1/20*r**5. Determine m(3).
-2
Let s be 5/10*24/(-2). Let z(r) = 2*r**3 + 9*r - 14*r + 3 + 5*r**2 - r**3. What is z(s)?
-3
Suppose 3*h + 1 = -2. Let f(c) = -7*c**2 - 6*c. Let t(l) = 5*l**2 + l**2 - 3*l + 8*l. Let b(g) = 5*f(g) + 6*t(g). Give b(h).
1
Let j(s) = -s**2 - 2*s - 1. Let y be (-27)/12 + 1/4. Let l be (1 + 1/y)*-4. Determine j(l).
-1
Let n(b) = -b - 1. Let d(t) be the second derivative of t**4/12 + 2*t**3/3 - 8*t**2 + 3*t. Let i be d(-7). Calculate n(i).
-6
Let b(n) = -2*n**3 - n**2 + n - 2. Let x be (-2 - -4)/((-1)/2). Let t(l) = 5*l**2 - 5*l - 2*l**2 - 6 - 2*l**2 - 2*l**2. Let u be t(x). Give b(u).
8
Let u(x) = -x**3 + 7*x**2 + 1. Let g(n) = -n**3 + 7*n**2 - n + 1. Let p(h) = 6*g(h) - 5*u(h). What is p(6)?
1
Let q(c) = c**2 - 7*c - 11. Let b be q(8). Let h be b - (1/(-1) + -2). Let s(y) = -4*y + 5*y + h*y - 2. Calculate s(-2).
-4
Suppose 12 = 6*u - 0*u. Let z(d) be the third derivative of 0*d + 1/24*d**4 + 1/60*d**5 + 0 - 2/3*d**3 - 3*d**u. Calculate z(-3).
2
Let d(y) be the second derivative of y**3/6 + y**2/2 + 9*y. What is d(1)?
2
Let t(k) = -k**3 + 5*k**2 + 5*k + 2. Let n be t(6). Let f(c) be the third derivative of 3*c**2 + 0 + 1/60*c**5 + 1/4*c**4 + c**3 + 0*c. Calculate f(n).
-2
Let t be 3 + -7 + (2 - 1). Let q(o) = 2. Let z(p) = -1. Let k(s) = -2*q(s) - 5*z(s). Let d(i) = -4*i - 1. Let c(r) = d(r) - 2*k(r). Determine c(t).
9
Suppose -2*a - u = -0*a - 22, a - 5*u + 11 = 0. Suppose l - 2 = 0, 3*l - a = -o - 0*o. Let q(w) = -o - 6*w + 3. Determine q(1).
-6
Let p(j) = -j**3 + j**2 + j + 1. Suppose -3 = 5*t + 7. Let h be -1 + (-1)/(t - -1). Determine p(h).
1
Let g(o) be the second derivative of o**4/12 - 5*o**3/6 + 3*o**2/2 + 7*o. Give g(3).
-3
Let s(b) = -b - 7. Let d(t) = t**3 - 4*t**2 - 5*t - 9. Let r be d(5). What is s(r)?
2
Let y(i) = 112 - i - 217 + 104. Calculate y(-1).
0
Let r(f) = f**2 - f + 5. Let h = -18 - -18. Calculate r(h).
5
Let z(k) = 0*k**2 - 5*k**2 - 5 - 15 + 6*k**2. Give z(0).
-20
Let h be (1 - 7)*2/4. Let r = 2 - h. Let d(a) = -4*a. Let j(n) = -3*n. Let w(y) = -4*d(y) + 5*j(y). Determine w(r).
5
Let g(d) = d**3 + 5*d**2 + 3*d - 2. Let k = 3 + 0. Suppose -k*v + 4*v = 5, 5*r - 85 = -2*v. Suppose t = 6*t + r. What is g(t)?
7
Let k(a) = -a**2 - 9*a + 7. Let v be k(-9). Let b(p) = -p**2 + 4*p + 9. What is b(v)?
-12
Let p(z) = -6*z + 4*z + z. Suppose -2*g + 4*u + 31 = g, -17 = -g + 3*u. Calculate p(g).
-5
Let g(x) = -x**3 - 5*x**2 + 5*x - 5. Suppose -7 - 24 = a - 5*q, 5 = q. Give g(a).
1
Suppose 5*r + 6 = 2*r. Let d = r - -8. Suppose 4 - d = -2*m. Let j(s) = -7*s**3 - s + 1. Calculate j(m).
-7
Suppose 0*s + s = -2*g + 7, -5*s = 4*g - 17. Let o = s - 3. Let c(a) = -2*a - 1. What is c(o)?
3
Let h(s) = -2*s**2 + 8*s + 2. Let t(g) = -g**2 + g. Let n(z) = -h(z) + 3*t(z). Determine n(-4).
2
Let p(m) be the first derivative of 4*m**2 - m + 55. Determine p(-1).
-9
Suppose 5*v + 0 - 10 = 0. Suppose 5*r + 22 = -3*j, -v*j + 10 = -r - 4*j. Let l(f) = f**3 + 3*f**2 - 1. Let c be l(r). Let u(i) = -i - 3. Determine u(c).
-6
Let r(n) = -n**2 - n - 1. Let m(c) = -4*c**2 + c - 2. Let g(i) = -m(i) + 3*r(i). Suppose -4*p - 2*q = -6, -2*q - 12 = -2*p - 0*q. What is g(p)?
-4
Let s be 6 + 0 + -6 + 3. Let h(u) = -2*u - 6*u**2 + 5*u - 3*u**3 + 9*u**2 - s + 2*u**3. Give h(4).
-7
Suppose -4 = -3*l - l. Let f(z) = 6*z - z**2 - l - 5*z + 0*z. Suppose 0 = -5*o + 2*a + 16, 5*o - 22 = 5*a - a. Determine f(o).
-3
Let q(r) = -r**2 + r + 1. Let x = -7 - -11. Suppose -x*k + 9 = -k. Suppose -2*h + 2*c = 0, -k*h - 2*h - 5*c = 0. Give q(h).
1
Let k be ((-3)/3)/(6/(-12)). Let s(w) = -7*w + 7*w - 2*w - k + 1. What is s(-6)?
11
Let o(a) be the second derivative of -1/20*a**5 + 5/12*a**4 + 0 + 0*a**2 - 5*a - 1/2*a**3. Suppose -5*f = -4*g + g + 2, -14 = -2*g - 3*f. Calculate o(g).
4
Let b(g) be the third derivative of g**7/840 - g**6/120 + g**5/120 - g**4/6 - 5*g**3/6 - 3*g**2. Let k(d) be the first derivative of b(d). Give k(3).
-1
Suppose 0 = -4*t - 3*w + 23, -8 = -3*t + 5*w + 2. Let b(u) be the first derivative of u**3/3 - 5*u**2/2 - 4*u + 7. Determine b(t).
-4
Let j(y) = -y + 9 + 9 + 11 - 27 + y**2. Determine j(3).
8
Let g = 10 + -5. Let m(x) = x**3 - 2*x**2 - 2*x - 1. Let p be m(3). Let j(y) = -y**3 + 5 - 6*y + 6*y**2 + 3*y**2 - 3*y**p. Calculate j(g).
0
Let p(v) = -1 - v**2 + 6*v**2 - v + 2*v**3 - 4*v**2. Calculate p(2).
17
Let q = -54 + 47. Let z(v) = v + 9. Determine z(q).
2
Let s(w) = w**2 - 7*w - 1. Let v(r) = 4*r + 0*r + 0 - 2. Let f be v(2). Calculate s(f).
-7
Let c(m) be the second derivative of m**4/12 - m**3/6 + m**2/2 - m. Suppose 6 = -3*g + 5*g. Suppose -3*f = -9 + g. What is c(f)?
3
Let t(f) = -f**3 + f**2 - 1. Let q(a) = 4*a**2 + 1. Let o be q(1). Suppose o*p = -8 + 33. Let n = -5 + p. Determine t(n).
-1
Let b(k) = -k**2 + 3*k - 2. Let d = 29 + -21. Suppose -d*z - 3 = -g - 3*z, -5*g + 5*z = -35. Suppose 4*w - g = -0*w. What is b(w)?
0
Let k = 4 + -2. Suppose 0 = v + k*p - 10, 4*p - 2*p = 3*v + 10. Suppose -28 = 3*w - 5*b, 5*b - 21 = -v*w - 4*w. Let l(h) = -6*h + 1. What is l(w)?
7
Let t(o) be the third derivative of -o**4/24 + o**3 + 13*o**2. Calculate t(7).
-1
Let y(g) = g + 1. Let p be y(5). Let x(z) be the first derivative of -5 + 5*z - 1/2*z**2. Calculate x(p).
-1
Let y(v) be the third derivative of -v**5/60 + v**4/6 + 5*v**3/6 + 14*v**2. What is y(4)?
5
Let j be 1/(-4) + 35/(-20). Suppose 0*y = -y - 5. Let g(n) = 12*n**2 - n + 7. Let h(o) = -6*o**2 - 3. Let v(t) = j*g(t) + y*h(t). Determine v(-1).
5
Let y be (3 + 1)/(-1) - 1. Let c(j) be the first derivative of -1 - 7*j - 1/4*j**4 - 2*j**3 - 5/2*j**2. Calculate c(y).
-7
Let k(w) = 6*w**2 + w - 8*w**3 + 0*w - 4*w**2. Give k(-1).
9
Let h(l) = -2*l**3 + 2*l**2 + l + 1. Let r be 6/(-4)*(-20)/15. Give h(r).
-5
Let a(l) = l**3 - l**2 + 2*l - 12. Let y(k) = -k**2 + k + 1. Let m(i) = -a(i) - 5*y(i). Let n = 11 - 6. What is m(n)?
-3
Let i = -52 - -51. Let c(j) = 12*j**2. Give c(i).
12
Let h(x) = 16 + 5*x**2 - 40 + 16 + 10. Give h(-2).
22
Let p(y) be the first derivative of y**4/12 + 7*y**3/6 + 7*y**2/2 + 5*y - 4. Let f(r) be the first derivative of p(r). Determine f(-6).
1
Let g = 5 + -4. Let c(q) = -g + q - 2 + 2 - 2. Calculate c(0).
-3
Let y(d) = 4*d**2 - 3*d**2 - 2*d**3 + d**3 - 3*d**3. Determine y(1).
-3
Let m(l) be the second derivative of l**4/12 - 5*l**3/6 + l**2/2 + 3*l. Let z be (-6)/(-8) - (-40)/32. Give m(z).
-5
Let i(u) be the second derivative of -u**4/4 + u**3/3 - 3*u**2/2 - 5*u. Let k(h) = 7*h**2 - 5*h + 5. Let y(o) = 5*i(o) + 2*k(o). Let r = -1 + 1. Calculate y(r).
-5
Let j(v) be the third derivative of v**6/120 - v**5/30 - v**4/8 - 2*v**3/3 - 5*v**2. What is j(3)?
-4
Suppose 0 = 4*s + 16, -5*s = -0*z - z + 14. Let o(y) = -6*y - 3*y + y**3 + 5*y**2 + 4 + 4*y. Determine o(z).
-2
Let h(r) = -r**2 + 13*r - 13. Let m be h(12). Let o(z) be the first derivative of -3*z**3 + z**2 + z - 1. Calculate o(m).
-10
Let l(a) be the second derivative of a**6/180 - a**5/120 + a**4/4 - 2*a. Let p(n) be the third derivative of l(n). What is p(-1)?
-5
Let p(r) = r**3 - 9*r**2 - 10*r + 1. Let g be p(10). Let a(b) = -10*b**3 - b + 1. Determine a(g).
-10
Let k(s) = -8*s**2 + 1 - s + 7*s**2 + 2*s. Let m(o) = -o**2 + 4*o - 2. Let l be m(2). Calculate k(l).
-1
Let r(k) = -k**2. Let a(s) = -2*s**2 - 1. Let j(o) = 2*a(o) - 3*r(o). Determine j(0).
-2
Let j(i) be the second derivative of i**3/3 + i**2/2 + 8*i. Calculate j(-1).
-1
Let r = 137 - 129. Let z(o) = o**3 - 8*o**2 - o + 5. Calculate z(r).
-3
Let d be (-10)/(-1)*3/6. Suppose -8 = m + 4*c, 0 = d*c - 0*c + 10. Let v(q) = q - 3. Let w(n) = 3*n - 10. Let i(z) = 8*v(z) - 3*w(z). Calculate i(m).
6
Let g(w) = 3*w**3 + 2*w**2 - w - 4. Let v be (1/2)/(8/(-32)). Let d(j) = j**3 - j - 1. Let l = 0 - -1. Let f(o) = l*g(o) 